2
Suppose 5*x - 36 = 4. Suppose 0 = 4*l - 16, -2*v + 5*l - x = 2. List the prime factors of v.
5
Let c(v) = v**2 - v + 17. What are the prime factors of c(0)?
17
Suppose 3*t + 4*b = -0*b + 69, 4*t - b = 92. List the prime factors of t.
23
Let m(y) = -6*y**2 + 2*y + 1. Let c be m(-1). Let j(b) = -b**2 + 4*b + 1. Let q be j(6). Let w = c - q. What are the prime factors of w?
2
Let o(r) = -r. Let x(a) = 2. Let c(u) = o(u) + x(u). What are the prime factors of c(0)?
2
Let y(w) be the second derivative of -w**3/3 - w. What are the prime factors of y(-1)?
2
Suppose -3*a + 3*q - 6 = 0, -a - 9 + 1 = -4*q. Let l be 42/6 - (3 + a). Suppose l*x = -2*g + 4, -2*g + 1 = -4*x - 11. List the prime factors of g.
2
Let d(j) = j**3 - 5*j**2 - 8*j + 8. Let r be d(6). List the prime factors of 3/r*-4 + 47.
2, 5
Let p = 71 - 111. List the prime factors of 15/(-2)*p/15.
2, 5
Let i be 130/(-4)*(-24)/30. Let f = i - 10. What are the prime factors of f?
2
Suppose 16*m - 408 = 12*m. What are the prime factors of m?
2, 3, 17
Suppose 0 = x - 3*z + 5, -8 = -3*x + 3*z + 7. What are the prime factors of x?
2, 5
Let y(q) = q**3 + 5*q**2 + 2*q + 5. Let v be y(-5). Let k be v*2*3/(-10). What are the prime factors of 0/(6/k) + 2?
2
Let y = 2 + 1. Suppose -d - y + 18 = 0. What are the prime factors of d?
3, 5
Let g(u) = -u**3 + 5*u**2 - 1. Let q be g(4). Let a = -8 + q. Let i = a - 4. What are the prime factors of i?
3
Suppose 0 = -3*b - v - v + 188, -4*b - v + 244 = 0. Suppose -y = -6*y + b. What are the prime factors of y?
2, 3
Let k(h) = -h**2 + 3*h + 8. Let x(c) = 2*c**2 - 5*c - 17. Let m(d) = 13*k(d) + 6*x(d). List the prime factors of m(8).
2, 5
Let v(s) = 2*s**2 - 10*s + 8. Let p be v(6). Suppose p - 45 = 5*y, 2*w - 13 = y. What are the prime factors of w?
2
Suppose -m + 52 = m. What are the prime factors of m?
2, 13
Suppose -3*n = -6*n + 18. Suppose y = 3 - n. What are the prime factors of 3/(-1*y/9)?
3
Suppose -c = 4*c. Suppose c*r = -4*r + 12. Let a = r + -1. List the prime factors of a.
2
Suppose 4*o - 2*t - 92 = 2*t, 4*t = 5*o - 110. List the prime factors of o.
2, 3
Suppose 6*v = 2*v + 28. Let a = v - 3. List the prime factors of a.
2
Let i(f) = f**2 - 6*f + 7. Suppose 5*j - 30 + 0 = 0. List the prime factors of i(j).
7
Let q(b) = -b + 17. Let s be q(12). Suppose -s*o - 47 = -3*t, -o + 12 = -5*o - 4*t. Let f = o + 11. List the prime factors of f.
2
Suppose 107 = 3*f - 67. What are the prime factors of f?
2, 29
Suppose -4*z = -2*m + 72, -3*m - 2*m + 172 = -2*z. List the prime factors of m.
2, 17
Suppose -2*c + 2 = -2. Let k be (c/6)/(1/3). Suppose -2*w - 15 = -3*u, -2*u - 3*w = k + 2. List the prime factors of u.
3
List the prime factors of (-153)/2*-1 - (-69)/(-46).
3, 5
Let u(p) = -9*p. Let t be (-3)/(2/4 - 0). List the prime factors of u(t).
2, 3
Suppose 0 = -i - 3*o + 13, -3*i + 2*o - 14 = -4*i. What are the prime factors of i?
2
Let s = -90 + 149. What are the prime factors of s?
59
Let y = 19 - 31. Let d = 27 + y. What are the prime factors of d?
3, 5
Suppose 0*d = -2*d + 16. Suppose 0 = -2*t + d. What are the prime factors of t?
2
Suppose -5*f + 7*f = 76. List the prime factors of f.
2, 19
Let l = 3 + 0. Let k(n) = -n**3 + 3*n - l + 4*n**2 - n + 0*n. List the prime factors of k(3).
2, 3
Let g(h) = h**2 - 2. Let b be g(-2). Suppose 4*v - b - 2 = 0. What are the prime factors of (1 - 8)*v*-1?
7
Let w(g) = -g**3 - 10*g**2 - 5. Let j be w(-10). Let o(m) = m**3 + 7*m**2 + 6*m - 1. What are the prime factors of o(j)?
19
Let j be 2 + -2 + (8 - -1). Suppose -4*a + j*a + 95 = 0. Let z = -8 - a. List the prime factors of z.
11
List the prime factors of 140/(-12)*(-10)/25*45.
2, 3, 5, 7
Suppose -4*i = 75 + 177. Let b = i - -93. What are the prime factors of b?
2, 3, 5
Let c = -16 + 3. Let t = 9 + c. What are the prime factors of (-3)/6 - 18/t?
2
Suppose -2 + 18 = 4*r, -4*r + 133 = 3*p. List the prime factors of p.
3, 13
Suppose 0 = 4*p - p - 291. Suppose -5*f + 3*x + p = 37, 2*x = 10. What are the prime factors of f?
3, 5
Let j = -11 + 43. What are the prime factors of j?
2
Let d(f) = 32*f + 14. What are the prime factors of d(6)?
2, 103
Suppose -7 = -3*s + 8. Suppose f + 16 = s*f - 4*v, v + 6 = 2*f. List the prime factors of f.
2
Let d be (-1)/(0 - 2/(-310)). Let r = d + -16. What are the prime factors of r/(-15) + (-4)/10?
11
Suppose y = -y - 2. Let z = -1 - y. Suppose k + 2*f = z, 4*k + 3*f - 3 - 7 = 0. What are the prime factors of k?
2
Suppose -5*f + 15 = 2*p - 14, 3*p = -2*f + 16. What are the prime factors of 10 + (2 - p)*1?
2, 5
Let p(k) = -3*k**3 - k**2 + k - 1. Let f be p(1). What are the prime factors of f/10*(-11 - -1)?
2
Suppose 5*m - 29 = 71. List the prime factors of m.
2, 5
Let n(r) = -79*r**3 - r. What are the prime factors of n(-1)?
2, 5
Let v(c) be the third derivative of -c**6/120 + 11*c**5/60 - 3*c**4/8 - 7*c**3/6 - 4*c**2. Let q be v(10). Let i = q - -12. List the prime factors of i.
3, 5
Let c(y) = -y**3 + 12*y**2 + 2*y - 4. Suppose d - 14 + 2 = 0. What are the prime factors of c(d)?
2, 5
Let z = 61 - 42. List the prime factors of z.
19
Suppose 0 = -4*y + 2*a + 260, -67 = -3*y + 5*a + 121. List the prime factors of y.
2, 3, 11
Let w(x) = x**2 + 1. Let c be w(-2). Suppose 0 = -i - 2*y - y - 2, -y - 22 = -c*i. What are the prime factors of i?
2
Suppose 5*b + 2*j = -0*j + 231, -4*b + 5*j + 198 = 0. What are the prime factors of b?
47
Let a(d) = -11*d. Let f(t) = 4*t. Suppose 0 = -3*i - 6 - 0. Let h(z) = i*a(z) - 7*f(z). List the prime factors of h(-1).
2, 3
Suppose 26*c - 28*c + 566 = 0. List the prime factors of c.
283
Suppose z + 6 = i + 4*z, 0 = -5*i + z - 2. Suppose -5*x + 0*x + 25 = i, x - 53 = -2*d. What are the prime factors of d?
2, 3
Let v(a) = -a - 44. Let j be v(0). Let o be (-8)/(-28) - 44/7. What are the prime factors of (o/4)/(6/j)?
11
Let v = 143 - 77. What are the prime factors of v?
2, 3, 11
Suppose 2*i + 2*m + 6 = 0, 2*m + 10 = -3*i + 2. Let x = i + 4. Suppose 0 = -4*u + 14 - x. List the prime factors of u.
3
Let z(u) = -u + 1. Let l be z(-1). Let m be -1 - -1 - (0 - l). Suppose -m*c + 5 + 3 = 0. List the prime factors of c.
2
Let p(h) = 42*h + 48. List the prime factors of p(5).
2, 3, 43
Suppose 0 = -5*p + 140 + 125. What are the prime factors of p?
53
Let o(g) = 2*g**2 + 15*g + 18. List the prime factors of o(-10).
2, 17
Let l(j) = j**2 - 11*j + 1. Let i be l(11). Suppose i - 7 = -3*d. List the prime factors of d.
2
Suppose -2*f + 3*c + 21 = 0, 4*f - 4*c = 3*f - 2. What are the prime factors of f?
2, 3
Let s = -6 + 8. Suppose -u = s*k - 35, -3*u - u + k = -131. Let p = u + -19. List the prime factors of p.
2, 7
Suppose 4*w = -2*n + 10, -5*w - 5*n + 10 = -0*n. Suppose 52 = 5*u + 4*a, 3*u - w = 5*a + 6. What are the prime factors of u?
2
Suppose 2*f - 118 = 6. What are the prime factors of f?
2, 31
List the prime factors of (-65)/(-4) + (-14)/56.
2
Suppose 3*r + 14 = -r + 2*v, 5*v = 5*r + 20. Let u = r - -5. List the prime factors of 15/(-10)*u*-1.
3
Suppose 3*w + 52 - 656 = 4*b, b = 5. List the prime factors of w.
2, 13
Let z(o) = -4*o**3 - 2*o**2 - o + 2. List the prime factors of z(-2).
2, 7
Let i(x) = -7*x. Let y be i(-1). Let q = y - 4. Suppose q*s - 3 = 2*s. List the prime factors of s.
3
List the prime factors of (1*(0 + -2) - -101) + 0.
3, 11
Suppose -3*m + 50 = -2*m. What are the prime factors of m?
2, 5
Let z(q) = -4*q**2 - 5*q - 16. Let v(c) = -5*c**2 - 6*c - 17. Let o(y) = 5*v(y) - 6*z(y). What are the prime factors of o(0)?
11
Suppose 3*w = -w + 76. What are the prime factors of w?
19
Let c = -5 + 8. Suppose m = c*m - 56. List the prime factors of m.
2, 7
Let i(n) = n**2 - 4*n - 3. Let d(v) = 6*v**3 + v**2. Let x be d(1). List the prime factors of i(x).
2, 3
Let x(u) = 7*u**2 - 3*u. Suppose 3 + 4 = 3*b - c, 3*c = 5*b - 13. Let z be x(b). Let s = z + -10. What are the prime factors of s?
2, 3
Let t(r) = -21*r + 2. What are the prime factors of t(-1)?
23
Let d(v) = 0*v + 2*v - 1 - v + v. List the prime factors of d(5).
3
Let l(b) = b**2. Let k(g) = -9 + 2*g**2 + g**2 - 2*g**2 + 9*g + 6*g**2. Let r(w) = -k(w) + 6*l(w). What are the prime factors of r(-8)?
17
Let k(t) = t**2 - 9*t + 11. Let r be k(8). Suppose -2*x + 4*x + 22 = -2*g, -4*x - 38 = r*g. Let s(c) = c**3 + 6*c**2 - c - 4. List the prime factors of s(g).
2
Let 